 4845c (base 16) in base 8?
1102134
222211221112101 (base 3) to base 16
d9bab1
What is -286440 (base 12) in base 15?
-d4ce9
What is 40b96 (base 13) in base 5?
12204401
What is 672380 (base 13) in base 10?
2432690
Convert 4143200 (base 7) to base 2.
1111001100111010110
68056 (base 13) to base 16
2e255
51432464 (base 7) to base 15
5a23b8
What is -114134 (base 8) in base 5?
-2222004
852555 (base 9) to base 8
1736346
Convert ad242 (base 14) to base 3.
210100112000
Convert -34715765 (base 8) to base 11.
-4305427
What is 101011010011010110 (base 2) in base 16?
2b4d6
10001100100111011 (base 2) to base 3
10122202111
1ff97 (base 16) to base 4
133332113
What is 215635 (base 12) in base 15?
a6665
-331232 (base 8) to base 11
-76654
What is -1143001231 (base 5) in base 9?
-5070224
What is -30432043 (base 5) in base 9?
-418532
What is -10110010101110011 (base 2) in base 8?
-262563
-320320 (base 5) to base 14
-3c90
What is 1021033222 (base 4) in base 7?
2356444
-1023001001 (base 4) to base 6
-10330305
Convert -79856 (base 12) to base 9.
-266103
-42a352 (base 11) to base 7
-5561355
2032205 (base 9) to base 11
680628
What is -681057 (base 9) in base 3?
-202201001221
Convert -c6951 (base 13) to base 8.
-1272175
Convert -682364a (base 11) to base 10.
-11951829
1cd38 (base 14) to base 9
122377
Convert 1320220010 (base 4) to base 15.
9b5de
Convert 1101201212021 (base 3) to base 4.
2311111132
Convert -11222212221200 (base 3) to base 4.
-22020030012
-20dc2d (base 15) to base 13
-42a66c
Convert -116e5 (base 16) to base 12.
-35399
Convert -1220340 (base 8) to base 5.
-41223341
What is 40521270 (base 8) in base 5?
4142430321
Convert -114703 (base 10) to base 16.
-1c00f
Convert -212001022210 (base 3) to base 11.
-28a942
1001011111010001 (base 2) to base 14
10241
What is -23012243 (base 5) in base 10?
-204073
What is 1b65c7 (base 13) in base 6?
22555050
-513109 (base 10) to base 5
-112404414
Convert -135ac4 (base 14) to base 4.
-2203103330
5c3 (base 15) to base 12
910
cc4d08 (base 14) to base 7
112614311
What is 1495888 (base 11) in base 2?
1001101111110101110101
49a803 (base 12) to base 2
100100101000100000011
Convert 2405011 (base 6) to base 11.
86324
What is 5611676 (base 11) in base 6?
550531404
-110110010001101001 (base 2) to base 9
-367854
Convert 448e6 (base 16) to base 13.
9aa76
244a77 (base 12) to base 8
2176373
Convert 4497e (base 15) to base 7.
1565663
What is 11110001202 (base 3) in base 8?
252747
Convert -36447 (base 11) to base 2.
-1100110011011100
What is 126543 (base 13) in base 5?
103124442
122000012111 (base 3) to base 9
560174
-c54a81 (base 13) to base 8
-21451610
16053553 (base 7) to base 13
420295
What is -11110000011000111 (base 2) in base 12?
-5b287
Convert -2122333132 (base 4) to base 3.
-1012020211211
Convert -724111 (base 9) to base 6.
-13112144
Convert 21211010001012 (base 3) to base 8.
17663704
Convert 4405444 (base 8) to base 14.
22ad24
What is 100101101001110000 (base 2) in base 11?
a5964
Convert 124174 (base 8) to base 13.
1682b
29ab9 (base 16) to base 15
3588b
6b903 (base 13) to base 7
1450340
What is -21103 (base 7) in base 4?
-1101031
Convert -1123101 (base 5) to base 2.
-100111110110001
What is -313747 (base 10) in base 3?
-120221101021
What is 20122221201000 (base 3) in base 2?
1101100000101111101011
2431343124 (base 5) to base 4
111313023133
Convert 1015144224 (base 6) to base 15.
de7284
Convert -215452523 (base 6) to base 4.
-32322300003
What is 110101001110111011 (base 2) in base 9?
362080
What is -a699 (base 15) in base 3?
-1210100100
Convert 13234a4 (base 12) to base 3.
21010000221221
-134765 (base 11) to base 15
-428b1
-23551 (base 6) to base 15
-1051
Convert -1012221201112 (base 3) to base 16.
-9e5a0
What is 2e337 (base 15) in base 5?
14233402
What is 1110011001000010100110 (base 2) in base 3?
21002200000021
a2785 (base 13) to base 4
1013013200
Convert 660154 (base 9) to base 3.
202000011211
-54261 (base 15) to base 8
-1011636
5606025 (base 7) to base 5
134104124
-5914b (base 12) to base 14
-31751
-36366 (base 13) to base 10
-99456
-101321 (base 12) to base 13
-8a340
What is -31114203 (base 6) in base 5?
-212141400
What is -b198 (base 12) in base 9?
-28378
What is -345837 (base 10) in base 16?
-546ed
Convert -221222131102 (base 4) to base 5.
-10243444220
-132c2a (base 13) to base 10
-463434
1011001001101111101010 (base 2) to base 9
5445251
What is 1101702 (base 11) in base 4?
13120113020
What is -112300434 (base 6) in base 7?
-23435344
Convert -1001440 (base 6) to base 4.
-23133000
What is 4741554 (base 8) in base 7?
14003062
14756007 (base 8) to base 7
40613432
-224300304 (base 5) to base 6
-33345222
Convert -2726c0 (base 14) to base 12.
-552080
What is -24113211 (base 5) in base 9?
-368721
69d24 (base 14) to base 3
111002121010
What is 312431441 (base 5) in base 3?
2102211121020
What is 1abc4c (base 14) in base 8?
3510334
What is 5515 (base 10) in base 14?
201d
Convert -121121002303 (base 4) to base 14.
-c53a15
-10404422 (base 6) to base 2
-1001100001011111110
1382755 (base 9) to base 10
763151
-dd0b (base 14) to base 11
-267a6
-43524422 (base 6) to base 12
-529712
Convert 99405 (base 11) to base 2.
100011001101101101
What is -bc02c (base 15) in base 13?
-17bc02
Convert 307161 (base 8) to base 16.
18e71
-1241bd (base 14) to base 4
-2120311023
7986bd (base 16) to base 6
442411553
-2562322 (base 10) to base 15
-359317
What is -13bba (base 14) in base 5?
-3031333
What is -33ceaf (base 16) in base 7?
-40600452
What is -230232323 (base 5) in base 9?
-1830705
64334400 (base 8) to base 10
13744384
What is -34f8fa (base 16) in base 5?
-1342042420
What is -32154133 (base 8) in base 4?
-122031201123
What is -d09a (base 16) in base 9?
-81225
Convert -c5a597 (base 13) to base 3.
-22200210011210
What is 1162143 (base 7) in base 12?
72710
What is 98a856 (base 16) in base 3?
200211021200111
What is 1120340202 (base 5) in base 12?
a117b3
What is -1140553010 (base 6) in base 15?
-12040d0
What is -6603402 (base 8) in base 11?
-aaa862
63056 (base 14) to base 9
403517
-22122200222101 (base 3) to base 5
-2134144343
185e62 (base 15) to base 16
1212ec
Convert 169815 (base 10) to base 9.
277843
What is -1a5738 (base 11) in base 14?
-82b24
What is 644015 (base 8) in base 16?
3480d
What is -4b188 (base 16) in base 8?
-1130610
Convert -331166 (base 9) to base 4.
-300101010
Convert -27750204 (base 8) to base 6.
-342330500
Convert -d5407 (base 14) to base 4.
-1331131333
Convert 2dd3 (base 16) to base 9.
17074
Convert 3300304 (base 12) to base 8.
45012664
What is -220301055 (base 6) in base 11?
-2253218
-18bb61 (base 15) to base 8
-4457542
Convert 222342 (base 5) to base 11.
5994
Convert -334607 (base 10) to base 11.
-209439
What is 2102375 (base 8) in base 15?
b0673
What is 1481826 (base 11) in base 16?
26af34
Convert ba72d (base 14) to base 2.
1101110001101100101
-10302701 (base 8) to base 6
-115030545
Convert c3813 (base 13) to base 10.
350691
What is -3c8a (base 14) in base 5?
-320311
What is -248043 (base 13) in base 7?
-10301310
What is 835338 (base 12) in base 15?
2aae55
Convert -2573150 (base 9) to base 7.
-14645124
-31731b (base 14) to base 13
-466ba0
Convert 20020301000 (base 4) to base 13.
598b83
Convert 4f41a (base 16) to base 13.
b49bb
Convert 633a8 (base 16) to base 3.
202122112100
What is 10000000011001000110 (base 2) in base 12?
214406
What is -191832 (base 10) in base 7?
-1426164
Convert -102112120210122 (base 3) to base 6.
-335241112
-113386 (base 15) to base 2
-11001000011010111110
What is 3959ca (base 14) in base 4?
13202021132
What is -c950 (base 13) in base 11?
-19aaa
What is -354cb (base 13) in base 16?
-17ce7
Convert 101121010202 (base 3) to base 7.
1526102
Convert -1886010 (base 12) to base 15.
-6bbbc3
Convert 97b9 (base 14) to base 6.
321235
What is -123630666 (base 7) in base 6?
-440430033
-ece65 (base 16) to base 2
-11101100111001100101
4b038 (base 14) to base 5
21341043
15602503 (base 7) to base 9
2756187
Convert 23322423 (base 5) to base 13.
765c3
Convert 35ba9 (base 14) to base 8.
400311
What is aba58b (base 16) in base 15?
ec30aa
Convert 11012110 (base 4) to base 11.
14766
What is 1125b51 (base 14) in base 7?
126234331
What is -14523100 (base 7) in base 12?
-568b5a
Convert 8ab543 (base 15) to base 6.
353514043
What is 5